when 64555 is divided by 16063.
303
What is the remainder when 80926369 is divided by 142?
1
What is the remainder when 144204 is divided by 3434?
3410
Calculate the remainder when 7182950 is divided by 133.
19
Calculate the remainder when 1040984 is divided by 323.
278
What is the remainder when 300039 is divided by 59295?
3564
What is the remainder when 27729 is divided by 27659?
70
What is the remainder when 512155 is divided by 170662?
169
What is the remainder when 516675 is divided by 2048?
579
Calculate the remainder when 105450987 is divided by 722.
721
Calculate the remainder when 2455479 is divided by 2455349.
130
Calculate the remainder when 46578 is divided by 36.
30
Calculate the remainder when 177465 is divided by 19348.
3333
What is the remainder when 6963698 is divided by 830?
828
What is the remainder when 447643 is divided by 1006?
979
What is the remainder when 744605 is divided by 372260?
85
What is the remainder when 867297 is divided by 4956?
4953
Calculate the remainder when 324272 is divided by 487.
417
Calculate the remainder when 1771595 is divided by 86.
81
Calculate the remainder when 224083418 is divided by 147.
146
What is the remainder when 2766636 is divided by 686?
684
Calculate the remainder when 1021120 is divided by 255243.
148
What is the remainder when 32022748 is divided by 125?
123
Calculate the remainder when 40371526 is divided by 5046434.
54
Calculate the remainder when 248448 is divided by 466.
70
Calculate the remainder when 812923 is divided by 255.
238
Calculate the remainder when 97432 is divided by 24333.
100
What is the remainder when 488066 is divided by 2720?
1186
Calculate the remainder when 4212314 is divided by 46.
2
Calculate the remainder when 1150203 is divided by 847.
824
What is the remainder when 37824 is divided by 18241?
1342
Calculate the remainder when 42370 is divided by 59.
8
Calculate the remainder when 2191551 is divided by 175.
26
What is the remainder when 73929 is divided by 1192?
25
Calculate the remainder when 2334876 is divided by 111184.
12
Calculate the remainder when 563885 is divided by 253.
201
What is the remainder when 14724777 is divided by 261?
201
What is the remainder when 4288465 is divided by 1382?
119
Calculate the remainder when 232675 is divided by 278.
267
Calculate the remainder when 697447 is divided by 1246.
933
Calculate the remainder when 557107 is divided by 1863.
70
What is the remainder when 207196 is divided by 1559?
1408
Calculate the remainder when 16348330 is divided by 1361.
1359
Calculate the remainder when 1153372 is divided by 954.
940
Calculate the remainder when 66108202 is divided by 1083741.
1
What is the remainder when 637859 is divided by 212586?
101
Calculate the remainder when 117732 is divided by 39234.
30
What is the remainder when 4279815 is divided by 223?
222
What is the remainder when 1016608 is divided by 508218?
172
Calculate the remainder when 17637880 is divided by 200.
80
Calculate the remainder when 285692 is divided by 142833.
26
Calculate the remainder when 516523 is divided by 9519.
2497
What is the remainder when 3887595 is divided by 259170?
45
What is the remainder when 12287143 is divided by 393?
391
Calculate the remainder when 63813 is divided by 31304.
1205
Calculate the remainder when 1984467 is divided by 99223.
7
Calculate the remainder when 2333239 is divided by 1782.
601
Calculate the remainder when 377006 is divided by 31367.
602
What is the remainder when 111931 is divided by 709?
618
What is the remainder when 12751060 is divided by 75?
10
What is the remainder when 40473835 is divided by 68?
31
Calculate the remainder when 14994692 is divided by 3912.
3908
Calculate the remainder when 1787763 is divided by 191.
3
What is the remainder when 518998 is divided by 1597?
1570
Calculate the remainder when 414534267 is divided by 8.
3
Calculate the remainder when 30967 is divided by 6446.
5183
What is the remainder when 34705 is divided by 3114?
451
What is the remainder when 27563116 is divided by 13?
9
What is the remainder when 9364071 is divided by 1560676?
15
Calculate the remainder when 79036 is divided by 3591.
34
What is the remainder when 55455334 is divided by 2011?
2009
Calculate the remainder when 3970940 is divided by 283634.
64
Calculate the remainder when 2722212 is divided by 389.
379
What is the remainder when 37872624 is divided by 46?
42
What is the remainder when 3586530 is divided by 323?
261
Calculate the remainder when 4843922 is divided by 741.
5
What is the remainder when 184736 is divided by 111?
32
What is the remainder when 24160300 is divided by 569?
560
Calculate the remainder when 1063387 is divided by 280.
227
Calculate the remainder when 51090 is divided by 6333.
426
What is the remainder when 1436186 is divided by 110468?
102
Calculate the remainder when 4839254 is divided by 155.
154
Calculate the remainder when 44551 is divided by 22199.
153
What is the remainder when 6858170 is divided by 426?
422
Calculate the remainder when 2908661 is divided by 138497.
224
What is the remainder when 3347587 is divided by 61?
29
What is the remainder when 15573027 is divided by 916053?
126
What is the remainder when 193412535 is divided by 9670626?
15
Calculate the remainder when 1016457 is divided by 90.
87
Calculate the remainder when 208776 is divided by 116.
92
What is the remainder when 158537 is divided by 39631?
13
What is the remainder when 1833459 is divided by 11?
1
Calculate the remainder when 41257 is divided by 4092.
337
Calculate the remainder when 10037640 is divided by 436418.
26
What is the remainder when 1171521 is divided by 6070?
11
What is the remainder when 2071382 is divided by 10960?
10902
Calculate the remainder when 2603950 is divided by 2649.
2632
What is the remainder when 36867 is divided by 7333?
202
Calculate the remainder when 869234 is divided by 7622.
326
What is the remainder when 92579 is divided by 5882?
4349
What is the remainder when 261 is divided by 156?
105
Calculate the remainder when 6207941 is divided by 362.
3
What is the remainder when 17547857 is divided by 1434?
1433
What is the remainder when 10176595 is divided by 28?
23
What is the remainder when 15754387 is divided by 5251458?
13
Calculate the remainder when 12923657 is divided by 18.
17
Calculate the remainder when 23230041 is divided by 2885.
21
What is the remainder when 45749 is divided by 15239?
32
Calculate the remainder when 109066 is divided by 1083.
766
Calculate the remainder when 87230698 is divided by 508.
494
What is the remainder when 420924 is divided by 761?
91
What is the remainder when 44500082 is divided by 6357153?
11
Calculate the remainder when 15692670 is divided by 58.
16
What is the remainder when 1205810 is divided by 929?
897
What is the remainder when 2109334 is divided by 1260?
94
What is the remainder when 2649450 is divided by 29769?
9
Calculate the remainder when 744416 is divided by 1232.
288
Calculate the remainder when 110126560 is divided by 606.
604
What is the remainder when 2635159 is divided by 44?
43
Calculate the remainder when 7429950 is divided by 2301.
21
What is the remainder when 1259495 is divided by 629375?
745
What is the remainder when 1460766 is divided by 68?
58
What is the remainder when 395756 is divided by 32975?
56
What is the remainder when 63619 is divided by 243?
196
What is the remainder when 134338 is divided by 332?
210
Calculate the remainder when 6687 is divided by 571.
406
What is the remainder when 15689546 is divided by 3223?
3205
What is the remainder when 90109 is divided by 597?
559
Calculate the remainder when 21829 is divided by 3830.
2679
What is the remainder when 17056949 is divided by 17056942?
7
Calculate the remainder when 1144762 is divided by 540.
502
Calculate the remainder when 10146 is divided by 3181.
603
What is the remainder when 32930064 is divided by 13?
11
Calculate the remainder when 75342 is divided by 1837.
25
Calculate the remainder when 293364497 is divided by 5.
2
What is the remainder when 1590853 is divided by 3543?
46
Calculate the remainder when 83939 is divided by 13911.
473
What is the remainder when 18305215 is divided by 341?
335
What is the remainder when 5079124 is divided 